d + 10 + 0*d**2 - d**2. Let q be j(16). Let h be (-36)/((q/10)/9). Calculate the highest common divisor of h and 48.
24
Let z = 4659 - 3413. Calculate the highest common factor of 42 and z.
14
Suppose -2*k = k - 21. Let w = 246 - 253. Let h(d) = 6*d**3 + 43*d**2 - d. Let z be h(w). What is the highest common factor of k and z?
7
Let q(g) = -10*g - 129. Let f be q(-7). Let c = 82 + f. Calculate the greatest common divisor of c and 92.
23
Let r(q) = 3*q**3 - 2*q**2 - 6*q - 7. Let y be r(-2). Let o be ((-10542)/y)/7 + (-10)/(-45). Calculate the greatest common factor of o and 504.
56
Let t be 999/15*28*50/60. Calculate the highest common divisor of 14 and t.
14
Let z(r) = -108*r + 977. Let j be z(9). Calculate the highest common divisor of 2785 and j.
5
Suppose -11*j = -2056 - 1013. Let l = 599 - j. What is the greatest common divisor of 40 and l?
40
Let o be (661380/(-1898))/(6/(-39)). What is the highest common factor of 302 and o?
151
Suppose 4*m + 605 = -5*h + 4352, -4*h - 3*m = -2998. What is the greatest common factor of h and 2?
1
Let k = -52 - -54. Suppose -2*x - k = 0, -4*x - 15 = 3*j + 49. Let d = j + 28. What is the highest common divisor of d and 6?
2
Let c(n) = 4*n - 5*n + 2*n + 0*n - 24. Let h be c(-10). Let v be 18/(-12)*h/3. Calculate the greatest common divisor of v and 153.
17
Suppose -2*g - x = g - 7, -2*g - x + 3 = 0. Suppose 2*t - 104 = -g*d, -d - 152 = -3*t - 5*d. Calculate the highest common factor of 528 and t.
48
Let j(s) = 404*s**2 + 2*s - 4. Let x be j(-2). What is the highest common factor of 8 and x?
8
Let o = 11 - 1. Let s be 1/((-7)/40)*3*133/(-57). What is the greatest common factor of s and o?
10
Let h be ((-10)/8)/(25/(-24000)). Calculate the greatest common factor of h and 144.
48
Let i = 4816 - 4773. What is the highest common factor of i and 13?
1
Suppose -3*q - 2*l + 1054 = 0, -7*q + 4*l + 1764 = -2*q. Suppose -9*g - 13*g = -q. Calculate the highest common divisor of g and 20.
4
Suppose 87802 = 59*m - 151610 + 6893. Calculate the highest common factor of m and 7.
7
Let u(j) = 19*j - 42. Let o be u(3). Suppose -o*c = -1726 - 1424. What is the greatest common divisor of 63 and c?
21
Let m = -84 - -87. Suppose 3*r - 2*z - 25 = -10, m*z = -4*r + 20. Suppose 0 = r*l - 44 + 34. Calculate the greatest common divisor of l and 14.
2
Let a(y) = 20*y**2 + 12*y + 28. Suppose 66 - 15 = -17*q. Let c be a(q). Calculate the highest common divisor of 43 and c.
43
Suppose 569 = 9*k - 2941. Let g = k - 322. Calculate the greatest common factor of 4 and g.
4
Suppose -2*z + 649 = -5*n, 2*n + 253 = -z + 4*z. Let i = -110 - n. What is the highest common factor of 3 and i?
3
Let k be 155/(-124) + 50/8. Suppose w - s + 2*s + 2 = 0, -k*w - 2*s = -2. What is the highest common divisor of w and 38?
2
Suppose -o + 5*j = -260, 2*o + 7*j = 3*j + 534. Let s = -214 + o. Calculate the greatest common divisor of 867 and s.
51
Suppose -3*c - 2*q + 146 = 0, -c = 5*q - 24 - 3. Let b(y) = -y + 13. Let z be b(12). Let t be z + 3 + -2 + 2. Calculate the highest common factor of t and c.
4
Let g be (5/(-20) - 21/(-4)) + 118. Suppose -g - 52 = -q. Calculate the highest common divisor of q and 70.
35
Suppose -10*q - 83*q = 1134 - 2901. What is the highest common divisor of q and 3287?
19
Suppose 19*r = 22*r - 603. Suppose 189 = -4*b + r. Calculate the highest common factor of 12 and b.
3
Let g be (-6)/4*2508/(484/(-22)). What is the greatest common factor of 108 and g?
9
Suppose -200 = -3*t - t. Suppose 4*j = -6*j + t. Let n be ((-10)/(-3))/((-2)/(-24)). Calculate the greatest common divisor of n and j.
5
Suppose 2*c + 45 = -3*c. Let s(u) = 3*u + 48. Let p be s(c). Calculate the highest common divisor of 21 and p.
21
Suppose -5*a - 103 = -13. Let q = a - -19. Suppose q = 4*x - 7. Calculate the greatest common divisor of 5 and x.
1
Suppose 26*b - 2107 = 10*b - 33*b. Calculate the greatest common divisor of 12470 and b.
43
Let l(v) = 2*v**2 - 5*v + 2017. Let i be l(0). Let y = i - 1369. Calculate the highest common divisor of 24 and y.
24
Let z(r) = -77*r + 1655. Let i be z(-35). What is the greatest common factor of i and 45?
15
Let u = 35797 - 35550. Calculate the highest common divisor of u and 34333.
247
Suppose 580 = i + 4*i. Let o be (13/(-3))/(-1) - (-31 - (-2632)/84). What is the greatest common divisor of i and o?
4
Let p(m) = 4*m**2 + 16*m - 124. Let v be p(5). Let h be (11 + -1)*8/4. Let x = -13 + h. Calculate the highest common divisor of x and v.
7
Let d(j) = 2*j - 1. Let l be d(3). Let w be (4*(-15)/80)/((-6)/16). Suppose -w*o = 2*o - 20. Calculate the highest common divisor of l and o.
5
Let h(g) = -g**3 + 6*g**2 - 9*g - 5. Let i be h(4). Let p be 43/i - -5 - (-3592)/36. What is the highest common factor of p and 340?
20
Let p = -4874 + 4970. Calculate the highest common divisor of p and 876.
12
Suppose -7*p = -5*p - 24. Suppose 5*o - 20 = 2*j, j - 2*j - 10 = -4*o. Let d = j + 22. Calculate the highest common divisor of d and p.
12
Let z(u) = u - 13. Let t be z(9). Let f be (-4)/((3 + t)/(-1 + 2)). Let y be 12/(0 + 3/9). Calculate the highest common factor of y and f.
4
Suppose 4*c - 6 = 4*g - 3*g, 0 = -g + 3*c - 5. Let l be (g/7)/(3*(-2)/42). Suppose -l*h - 14 + 38 = 0. Calculate the greatest common divisor of h and 12.
12
Let o(d) = -2*d**2 + 90*d - 156. Let s be o(43). What is the greatest common factor of s and 896?
16
Suppose 57*z = 47*z - 1610. Let l = z + 167. Calculate the highest common divisor of l and 30.
6
Let l = -32 - -34. Suppose -20 = -0*o - l*o. Calculate the highest common divisor of 15 and o.
5
Suppose 0 = -4225*o + 4215*o + 6050. Calculate the greatest common divisor of o and 110.
55
Let g = -674 - -1026. Suppose 0 = 20*f + 18*f - 76. Suppose -d + 4 = 0, f*w = -3*w - 5*d + 180. Calculate the greatest common factor of g and w.
32
Let q be (-7)/21*(5 + 1). Let z be (1/q)/((-3)/162). Suppose 4*a + 3*x - 78 + 0 = 0, 4*a - 68 = 2*x. What is the greatest common divisor of a and z?
9
Suppose 5*v = -3*w + 501, 165*v - 168*v - 549 = -3*w. What is the greatest common divisor of w and 12?
3
Suppose 0 = 3*j - 5*n - 1130, -4*n = 33 - 29. What is the greatest common factor of 125 and j?
125
Let z = 15477 + -15441. Calculate the highest common factor of 8676 and z.
36
Suppose -5*t + 213 - 8 = 0. Suppose 0 = -4*b + t + 23. Calculate the highest common factor of b and 256.
16
Suppose 2*g + 10452 = 4*x, -3*x + 5*g = 1991 - 9823. Suppose -2*p = -5*t + 2035 + x, -5*t + 4640 = -5*p. Calculate the highest common factor of 19 and t.
19
Let d be (33/(-22))/(4/(-2992)). Calculate the greatest common factor of d and 66.
66
Let f be (-5 + 4)/((-1)/5) + 182. Suppose -272 = -17*g + f. What is the greatest common factor of g and 135?
27
Let t(l) = -16*l**3 - l**2 - 2*l - 1. Let v be t(-1). Suppose 19*y - 15*y = 0. Suppose p + 8 - 12 = y. Calculate the highest common divisor of v and p.
4
Let i(g) = g**2 - 58*g + 1358. Let b be i(30). Calculate the highest common factor of b and 15281.
259
Suppose 0 = -2*g + 3*g + 2*m - 134, 4*m - 412 = -3*g. Let h = 162 - g. Calculate the greatest common divisor of 63 and h.
9
Suppose 4*f - 3*f - 2 = 0. Suppose 0 = 4*u + f*u - 348. Let s = -22 + u. Calculate the highest common divisor of 36 and s.
36
Let k(q) = -2*q**2 + 27*q - 12. Let h(x) = -x**2 - 33*x - 19. Let d be h(-32). Let z be k(d). What is the highest common factor of 17 and z?
1
Suppose 3*n + 17*i = 22*i + 392, 649 = 5*n - 4*i. Calculate the highest common divisor of 6 and n.
3
Let s be (5 + 1 + 4)/(-2) - (2 - 238). What is the highest common divisor of 12 and s?
3
Suppose r + 727 = 4*m, 3*m - 8*m = 4*r - 935. Let d(q) = -22*q - 5. Let y be d(-5). Let f = m - y. Calculate the greatest common divisor of 195 and f.
39
Let j(x) = -x**3 + 10*x**2 + 228*x - 19. Let d be j(-11). What is the greatest common factor of d and 142?
2
Let n(b) be the third derivative of -29*b**4/24 + 241*b**3/6 - 4*b**2 - 13. Let r be n(8). Calculate the highest common divisor of r and 15.
3
Let t = -1204 - -1269. What is the greatest common factor of t and 13?
13
Let c = -8366 + 10676. Calculate the highest common divisor of c and 2002.
154
Let c be (1/1 + 168/(-10))*-5. Let t = -34 + c. Let v = t + 227. Calculate the greatest common divisor of 34 and v.
34
Suppose -u - 3 = 0,